?
6
Suppose 64*u = 166*u - 3298729 + 707725. What is the hundreds digit of u?
4
Let m(b) = -b**2 - 8*b - 20. Let o be m(-8). What is the tens digit of (4*218/o)/(10/(-25))?
0
What is the thousands digit of (3 + (-5883)/2)/((-200)/(-16) + -13)?
5
Let t(j) = 30*j**2 + 9*j - 289. What is the hundreds digit of t(12)?
1
Suppose 33*w - 745248 - 730050 = 0. What is the tens digit of w?
0
Let r(c) = -767*c - 1521. What is the tens digit of r(-45)?
9
Let o(s) be the first derivative of -4 - 35*s - 5/2*s**2. What is the units digit of o(-15)?
0
Suppose -226*h = -33*h - 171770. What is the hundreds digit of h?
8
Let d = -382 - -397. Let g = d - -991. What is the units digit of g?
6
Let i be 276/(-72) - (-2)/(-12). Let p(k) = 5*k**2 - 6*k - 11. Let w(o) = -1. Let q(h) = p(h) - 2*w(h). What is the tens digit of q(i)?
9
Let y = 472 + -291. Let c = 173 + y. What is the hundreds digit of c?
3
Let a(h) = -4*h - 2. Let s be a(15). Let v be -3 - -2*(-37)/(-1). Let z = v + s. What is the units digit of z?
9
Suppose 37*z - 24*z - 1164520 = -22*z. What is the thousands digit of z?
3
What is the tens digit of 4897 - ((-12)/9)/((-76)/285)?
9
Suppose 3*r = -0*x - 4*x + 14, x + 1 = 0. What is the hundreds digit of 605 + (1 - r - -3)?
6
What is the hundreds digit of (-16 - 2)*(-17175)/45?
8
Let b be 5416/10 + 4/60*6. Suppose 0 = -13*p + 14530 - b. What is the tens digit of p?
7
Let o = -245 - -127. Let r = 118 + o. What is the tens digit of 1*(r + 253 - -5)?
5
Let n = 25583 + -12753. What is the units digit of n?
0
Let y(t) = 3546*t + 546. What is the tens digit of y(7)?
6
Suppose 855*u = 5*t + 860*u - 10690, t = -2*u + 2140. What is the tens digit of t?
3
Suppose -248 = -5*g - 108. Suppose -g*k = -26*k - 442. What is the tens digit of k?
2
What is the thousands digit of (388/(-32))/((-96)/40704)?
5
Suppose -3*d + 19 + 374 = 0. Let a = d - 51. What is the units digit of (-681)/(-27) - (-2 + a/36)?
5
Let c(h) = -h**3 - 4*h**2 + 3. Let n be c(-4). Suppose -w - 4*f + 4 = -n*f, -3*f = -2*w + 18. Suppose 19 - w = r. What is the tens digit of r?
1
Let p = -38428 - -55811. What is the thousands digit of p?
7
Suppose 6*s - 135 = 117. Let i = s - -135. What is the units digit of i?
7
Suppose -3*s + 0*s = -2*r - 23555, -2*r = s - 7833. What is the tens digit of s?
4
Suppose 3522 = 2*w + i, 29*w - 3*i - 7074 = 25*w. What is the hundreds digit of w?
7
What is the hundreds digit of 167250/5 + (7 - 3) - -6?
4
Suppose -5 = 5*u - 6*u. Let i be 0/(-1 + -2 + 2). Suppose 0 = -t + 3*g + 54, -5*t + u*g + 260 - 10 = i. What is the units digit of t?
8
What is the units digit of (20*-18)/18 - -32000?
0
Suppose 2*y = 3*v + 35, 7*y + 14 = -2*v + 6*y. Let h be 4/6 + (-1695)/v. Suppose h + 183 = 2*i. What is the tens digit of i?
8
Let i = 2763 + -34. What is the hundreds digit of i?
7
Let i(r) = -40*r - 158. Let h be i(15). Let b = 869 - h. What is the thousands digit of b?
1
Let d be 6 + (-15)/(30/16). What is the tens digit of (2961/(-14) + 7)*d?
0
Suppose 41*y + 3970 = -209 + 49074. What is the units digit of y?
5
Let c(a) be the second derivative of 175*a**4/12 + 35*a**3/6 + 37*a**2 + 200*a. What is the tens digit of c(-2)?
0
What is the units digit of (-52 - -70) + 12919 + 8?
5
Suppose -2*i + 89173 = 5*s, 3*i - 17845 = -168*s + 167*s. What is the thousands digit of s?
7
Suppose 5*x = 45 + 30. Suppose 0 = n + 3*l - 15, -n - x = -5*l + 2*l. Suppose n = 4*c - 6*c + 70. What is the units digit of c?
5
Suppose 9*f - 6*f - 21 = 0. Suppose -5*l - 126 = -f*l. Let c = 148 - l. What is the tens digit of c?
8
What is the ten thousands digit of (-2635)/(-34)*((0 - -218) + 2)?
1
Let d be 1/(5/1150) + (4 - -1). Let c = 250 - d. What is the units digit of c?
5
Let u be 99 - ((-126)/(-105))/(1/(-5)). Let s be (-564)/5*10/(-3). Let c = s - u. What is the hundreds digit of c?
2
Let u = -64 + 1. What is the units digit of 318 + (-8)/18*u/14?
0
Let g(x) = -8*x**3 - 9*x**2 - 53*x - 9. What is the thousands digit of g(-6)?
1
Suppose 957*h = 938*h + 478553. What is the hundreds digit of h?
1
What is the hundreds digit of ((-144)/(-84))/(-4*(-2)/92232)?
7
Let s = -230 + 147. Let k = s + 112. Suppose 26*m - k*m = -372. What is the hundreds digit of m?
1
Let k be 1/(6/(-24)*(-6)/1149). Suppose -17*y = -19*y + k. What is the tens digit of y?
8
Suppose -106*i + 111*i + 725 = 0. Let t = 984 - i. What is the thousands digit of t?
1
Suppose -17*n - 3*z = -12*n - 387319, -2*z = -6*n + 464766. What is the units digit of n?
2
Suppose 2704 + 16309 = 57*d - 6865. What is the units digit of d?
4
Let a = 164 + -154. Suppose -28*z + 4464 = -a*z. What is the units digit of z?
8
Let n(f) = 9*f**2 - 60*f - 24. Let q(o) = -6*o**2 + 40*o + 16. Let a(p) = -5*n(p) - 8*q(p). What is the tens digit of a(-5)?
6
Suppose 5*m = -b + 2*b + 115, -b = 3*m - 77. Let c = m + 316. What is the hundreds digit of c?
3
Let n = 84 + -78. Suppose 645 = n*p - 567. Let a = p - 121. What is the tens digit of a?
8
Let t = -188 + 197. What is the units digit of (t/12)/(-1 - (-399)/396)?
9
Let p(m) = -1464*m + 12507. What is the hundreds digit of p(-32)?
3
Let k(p) = -p**2 + 10*p - 5. Let x be k(7). Suppose x*n + 448 = 20*n. What is the units digit of n?
2
Let v(t) = -t**3 - 2*t**2 + t + 2. Let m be (1/(-3))/(-4 - (-13)/3). Let c be v(m). What is the tens digit of -4 + -6*14*(c + -1)?
8
Let q = 42 - -3097. Suppose 6*n - q = -499. What is the hundreds digit of n?
4
Let c = 5618 + 20601. What is the units digit of c?
9
Suppose 2679 = 77*y - 20*y. What is the tens digit of y?
4
Let o be 2/(-3) - (-2176)/51. Let j = o - 48. What is the units digit of -4*15/18*j?
0
Let v = -33 + 35. Suppose 0*c + v*c = 356. Suppose -2*a + 4*x + c = 0, 6*a + 2*x - 469 = a. What is the tens digit of a?
9
Suppose 30*p + 109799 = 1029839. What is the thousands digit of p?
0
Let n be -265 + 9/(-4)*16/(-12). Let b = 46 - n. What is the tens digit of b?
0
What is the tens digit of (-312)/(-91)*(16253 + -1 - (-90)/(-60))?
1
Suppose 9 = 5*m - 21. Let f(k) = 7*k - 17. Let i be f(m). Let t = -2 + i. What is the units digit of t?
3
Let a = -22266 + 40235. What is the thousands digit of a?
7
Suppose -4*t + 4*j = -6 - 6, -5*t + 2*j = -18. Suppose 1667 + 319 = t*v + n, -5*v + n = -2478. What is the hundreds digit of v?
4
Let n(s) = -3*s + 32. Let y(p) = -5*p + 33. Let j(h) = -6*n(h) + 5*y(h). What is the units digit of j(-8)?
9
Suppose 29*i + 33*i = 65*i - 37518. What is the units digit of i?
6
Suppose 14*c = -193173 + 546463. What is the tens digit of c?
3
Let o(z) = z**3 - 7*z**2 + 2*z - 9. Let q be o(7). Suppose -3*f - m = -2*m - 473, -q*m = -2*f + 311. Suppose -8*w = -10*w + f. What is the units digit of w?
9
Let t(g) = -g**3 + 3*g**2 + g + 1. Let r be t(3). Suppose -r*q - 3*s = -8*q + 116, -16 = 4*s. Suppose -2*k + 2 = -q. What is the units digit of k?
4
Suppose 6217*v - 6272*v + 2839485 = 0. What is the units digit of v?
7
Suppose -290 = -11*s + 6*s. Let u = 58 - s. What is the tens digit of u - (-12)/3*13?
5
Let y = 312 + -775. Let d = y - -774. What is the units digit of d?
1
Let w be (114/15)/((-6)/30). Let k be 18/171 + (-16108)/w. Suppose 5*s = 3*z - 71 + k, -135 = -2*s - 5*z. What is the units digit of s?
0
What is the thousands digit of 9/4*32/12*(-172501)/(-21)?
9
Suppose 34 = 2*j - 206. Suppose -2*m + 2*g - 12 + 52 = 0, g + j = 5*m. Let u = m + 14. What is the tens digit of u?
3
Let s be (7 + (-70)/21)*1752/2. Let v(w) = s*w - 4 - w**2 - 4 - 3187*w. What is the tens digit of v(14)?
4
Suppose 208*o = -334*o + 25989984. What is the ten thousands digit of o?
4
Let y(a) = 2*a**2 - 106*a + 8. Let m be y(17). What is the units digit of 6/((-2)/m*4)?
2
Let v(c) = 42*c**2 - 183*c + 2. What is the tens digit of v(11)?
7
Suppose 2*u = 3*t - 50417, 171*u - 169*u = -3*t + 50437. What is the tens digit of t?
0
Let i(q) = -32*q**3 - 12*q**2 - 368*q + 12. What is the tens digit of i(-12)?
9
Suppose -13*h = -234 - 65. Suppose 968 = h*g - 21*g. What is the units digit of g?
4
Let r(s) = 4*s**2 + 7*s + 3. Let p be r(-2). Suppose 0*v - 205 = -2*v - w, -529 = -p*v + 3*w. What is the tens digit of (-3)/(2 - 211/v)*2?
0
Suppose -2*w = -4*i + 107398, 5*w + 41582 + 65807 = 4*i. What is the hundreds digit of i?
8
What is the thousands digit of (14/21)/((-13)/((-1209585)/10))?
6
Let u(j) = -4*j**2 - 27*